hat is 1100111012100 - 10?
1100111012020
In base 7, what is 1165 + 2240251?
2241446
In base 12, what is 5 - -24499a1?
24499a6
In base 11, what is -76242 + 124?
-76119
In base 4, what is -101321120201220 + 0?
-101321120201220
In base 5, what is 231 - 213304210?
-213303424
In base 12, what is -137656 + -6b?
-137705
In base 4, what is -30233310010122 + -10?
-30233310010132
In base 7, what is 4 - 2212466220?
-2212466213
In base 8, what is 513 + 6461?
7174
In base 15, what is 99251 + 98?
992e9
In base 6, what is 5 - -1133052553?
1133053002
In base 9, what is 4163 - -11347?
15521
In base 5, what is 3424322244144 - 3?
3424322244141
In base 11, what is 62 - -77982?
77a34
In base 7, what is -2426101104 + 3?
-2426101101
In base 16, what is -2a418 - -3?
-2a415
In base 16, what is -102c - 1ac2?
-2aee
In base 6, what is 0 + -2055211012?
-2055211012
In base 11, what is 2622 + -2475a?
-22138
In base 5, what is 214110333 - -301?
214111134
In base 8, what is 51614 + 176?
52012
In base 6, what is 20 + -30243032?
-30243012
In base 2, what is 10101101110 - 101110110100100?
-101100000110110
In base 14, what is -b45 + -d382?
-100c7
In base 15, what is 55 - 1358?
-1303
In base 8, what is 2034 - 10721?
-6665
In base 13, what is 22588 + 37?
225c2
In base 9, what is -13756 - -26502?
12635
In base 13, what is -29c7c65 - -9?
-29c7c59
In base 7, what is 1464056 + -3365?
1460361
In base 9, what is 1238 + 63331?
64570
In base 13, what is -7412b + 31?
-740ca
In base 11, what is -26 + -754053?
-754079
In base 14, what is 8849 + 4278?
cac3
In base 14, what is -120 + 19764?
19644
In base 12, what is 4365 + -225?
4140
In base 13, what is -5 + -22b7b141?
-22b7b146
In base 12, what is -4a138b - 231?
-4a1600
In base 10, what is -12634 - -3562?
-9072
In base 7, what is 6221356255 - -1?
6221356256
In base 12, what is -9b + -729626?
-729705
In base 4, what is 21020 + -10112013?
-10030333
In base 6, what is 3 - -13241533?
13241540
In base 16, what is -66c3 + ae?
-6615
In base 8, what is 5616 + -264066?
-256250
In base 8, what is -17471272 - -1?
-17471271
In base 12, what is -671 + -24092?
-24743
In base 15, what is -68084c0 - 1?
-68084c1
In base 6, what is 121522521 - -4?
121522525
In base 5, what is 321244 + 1142022?
2013321
In base 8, what is 11237471 - -14?
11237505
In base 8, what is -20451762 + -2?
-20451764
In base 3, what is -1212000 - 100001022?
-101220022
In base 14, what is 8 + -18019b?
-180193
In base 8, what is -15171 + 22255?
5064
In base 10, what is 0 - -28390697?
28390697
In base 13, what is 80 + -38b9?
-3839
In base 11, what is 555559 - -6?
555564
In base 7, what is 10356315 + -166?
10356116
In base 16, what is 2b3c3f7 + -4?
2b3c3f3
In base 15, what is -9642d5 - -1?
-9642d4
In base 15, what is 1047c6 + 3?
1047c9
In base 7, what is 4 - 1062242303?
-1062242266
In base 14, what is 147a1a90 - 1?
147a1a8d
In base 13, what is 35ca40 - 2?
35ca3b
In base 16, what is 4 + 344f970?
344f974
In base 2, what is 101110100100111110 + -1100101000?
101110011000010110
In base 11, what is -1 - -52a476?
52a475
In base 4, what is -2000012011 - 21320?
-2000033331
In base 13, what is 84 + -48114?
-48060
In base 2, what is -1 + -10000110010101110000000?
-10000110010101110000001
In base 15, what is -1 + -9a9157?
-9a9158
In base 16, what is -c721 - 143?
-c864
In base 14, what is 444c22c - -3?
444c231
In base 14, what is 86 + -2725?
-267d
In base 2, what is -10001010100 + -10101001010101101?
-10101011100000001
In base 15, what is -1303a56b - 3?
-1303a56e
In base 11, what is 24 + -371a9?
-37185
In base 5, what is 21402023301 - 13?
21402023233
In base 4, what is -110130211 + 201?
-110130010
In base 12, what is -469473 - -4?
-46946b
In base 9, what is -122570 - 1546?
-124226
In base 2, what is -1 + 100111001111011010011101011?
100111001111011010011101010
In base 15, what is 1 - b780b7?
-b780b6
In base 8, what is 1456 - 1534?
-56
In base 4, what is -2 - 13010123111?
-13010123113
In base 15, what is 4598e3 + -5?
4598dd
In base 15, what is 7 + -2b4d1?
-2b4c9
In base 7, what is -115563 + 4546?
-111014
In base 5, what is -42311234 - 4444?
-42321233
In base 14, what is -201400 + -48?
-201448
In base 10, what is 42162406 - 0?
42162406
In base 9, what is -5 - -24303315?
24303310
In base 15, what is 257d + -482?
20eb
In base 13, what is a2971a + -3?
a29717
In base 9, what is 6886858 + -5?
6886853
In base 13, what is -3401711c - 0?
-3401711c
In base 15, what is -5c + -528e6?
-52953
In base 5, what is 11 + -131123200041?
-131123200030
In base 9, what is -144 + -6170167?
-6170322
In base 6, what is -130442004445 - 5?
-130442004454
In base 10, what is -1859681 + 117?
-1859564
In base 6, what is -110 + 4532021?
4531511
In base 8, what is 1656 - 61761?
-60103
In base 4, what is -213 + -1212022201?
-1212023020
In base 6, what is 1 + -4444213?
-4444212
In base 9, what is 825 - -524201?
525126
In base 6, what is 14215320254 - -3?
14215320301
In base 13, what is 19c5240 + 4?
19c5244
In base 8, what is 512347775 + -4?
512347771
In base 3, what is 112210110201212110 + -12?
112210110201212021
In base 5, what is -3240104412 + -133?
-3240110100
In base 12, what is -57189 - 13a?
-57307
In base 10, what is -377860 + 4?
-377856
In base 14, what is 2 - -7739098?
773909a
In base 9, what is -20157 - -2004?
-17153
In base 16, what is 45d + ee58?
f2b5
In base 6, what is 2003 - 532024?
-530021
In base 7, what is 560 + 5522241?
5523131
In base 3, what is 220001012011 + 1112021?
220002201102
In base 13, what is 3a39a - 56c?
39b2b
In base 15, what is 2a2bab2 + 2?
2a2bab4
In base 3, what is -1202 - -102021221?
102020012
In base 10, what is 81 - -99063?
99144
In base 16, what is -1e6 - -66bc5?
669df
In base 4, what is 131122123102 + 23?
131122123131
In base 6, what is 202541 - -233?
203214
In base 7, what is -14611 - -2330?
-12251
In base 7, what is -5 - -4341150655?
4341150650
In base 8, what is -12 - -102100421?
102100407
In base 7, what is -4 + 123505031?
123505024
In base 16, what is -51ea0a68 + -2?
-51ea0a6a
In base 6, what is 34 + 3015314?
3015352
In base 5, what is 4 + -311222130?
-311222121
In base 14, what is -62222c8 + -5?
-62222cd
In base 9, what is -3730 - 35022?
-38752
In base 14, what is -6550d0 + 6?
-6550c8
In base 16, what is -165 - -3362?
31fd
In base 12, what is -4 - -1698269?
1698265
In base 10, what is 913 - -57183?
58096
In base 4, what is -111002220220 + 301?
-111002213313
In base 5, what is -111301201 + 113?
-111301033
In base 9, what is -303 + -1464?
-1767
In base 5, what is -1421104 - -1200443?
-220111
In base 5, what is 413 - 1424342?
-1423424
In base 6, what is -352224143 - 2?
-352224145
In base 11, what is -2 + 23340548?
23340546
In base 4, what is 233 + 21103000213?
21103001112
In base 8, what is -5 + 16432320?
16432313
In base 7, what is -442324524 + 22?
-442324502
In base 8, what is 1 + 1751005501?
1751005502
In base 11, what is 4 - -162399?
1623a2
In base 14, what is 34 + -415b4?
-41580
In base 10, what is 2 + 8961699?
8961701
In base 14, what is -17aa - 1385?
-2b51
In base 7, what is -64530 - 5010?
-102540
In base 11, what is -2 + -5449755?
-5449757
In base 7, what is -1514104 + 40?
-1514034
In base 8, what is -25 + 250020?
247773
In base 15, what is -6 - 2883ad?
-2883b4
In base 14, what is -1d03 - 505?
-2408
In base 3, what is 12020200 + -102020022012?
-102001001112
In base 14, what is -a - -5a8a8b?
5a8a81
In base 9, what is 31637 - 201?
31436
In base 2, what is 11001100111 + 111010100100?
1010100001011
In base 3, what is -110 - 1101120202210220?
-1101120202211100
In base 12, what is 8a79 - 336?
8743
In base 4, what is 1220102 + 231323?
2112031
In base 8, what is -242706 - 74?
-243002
In base 6, what is 11130310 + -222?
11130044
In base 9, what is 6 - -1261665?
1261672
In base 2, what is 101001010000110101000000 + 110?
101001010000110101000110
In base 6, what is 2503225203 + 0?
2503225203
In base 12, what is -3 + -968886?
-968889
In base 3, what is -10101120120 - -22000?
-10101021120
In base 3, what is 10022120 + 10111021?
20210211
In base 15, what is -684586ba + -3?
-684586bd
In base 3, what is -10211 - 22021221202?
-22022002120
In base 8, what is -2 - -11424243?
11424241
In base 8, what is -1444715 + 3?
-1444712
In base 7, what is 624 - 555532?
-554605
In base 12, what is 4 - -574945?
574949
In ba